cond derivative of 1/8*p**4 + 0*p**2 + 0 + p**3 - 7*p + 1/40*p**5. Let v(f) be the second derivative of m(f). Calculate v(-2).
-3
Let d(t) = -t**3 - 9*t**2 + t + 11. Suppose 3*z - 4*w = -14 - 1, -2*z = -2*w + 12. Give d(z).
2
Let t(f) be the first derivative of 1/2*f**2 + 1/6*f**4 + 3*f - 6 + 1/6*f**3. Let s(u) be the first derivative of t(u). Calculate s(-1).
2
Let z = -190 - -187. Let w(q) = -q**2 + 2*q + 13. Let m be w(z). Let n(r) = -10*r - 9. Let b(s) = 9*s + 8. Let h(x) = -7*b(x) - 6*n(x). Calculate h(m).
4
Let l(r) = r**2 - r + 23. Suppose -3*a - 20*a = 26*a. What is l(a)?
23
Let q(u) = -2*u**3 - 5*u**2 - 3*u - 4. Let b = 647 + -650. What is q(b)?
14
Let o(j) be the second derivative of -j**3/3 - 7*j**2 - 131*j. Determine o(-17).
20
Suppose 16*d - 117 + 21 = 0. Let k(f) be the second derivative of -f**3/6 + 3*f**2 - f. Determine k(d).
0
Let j(k) = -60*k + 122*k + 2*k**2 - 59*k. Determine j(-3).
9
Let u(k) = -20*k**3 - 36*k**2 + 29*k + 11. Let m(r) = 7*r**3 + 13*r**2 - 10*r - 4. Let p(d) = -17*m(d) - 6*u(d). Calculate p(6).
14
Let i(q) = 2*q**2 + q - 7. Let l be i(3). Let w = -8 + l. Let y(k) = -k**3 + 7*k**2 - 5*k - 7. Let c be y(w). Let s(x) = 3*x. Give s(c).
-3
Let w(q) = -6*q**3 + 8*q**2 - 13*q + 1. Let h(f) = 7*f**3 - 8*f**2 + 14*f. Let i(s) = 5*h(s) + 6*w(s). Give i(7).
-1
Let y(o) = -3*o - 3. Let a(k) = -16*k - 16. Let p(z) = -2*a(z) + 11*y(z). Give p(-6).
5
Let k(i) be the first derivative of -6*i**2 - 75. Let n = 0 + 1. Calculate k(n).
-12
Let c(n) = n**3 + 19*n**2 + 18*n + 8. Suppose -2*b - 3*v - 30 = 0, -v + 62 = -3*b + 3*v. Calculate c(b).
8
Let k(w) be the third derivative of -w**5/60 - w**4/8 - w**3/3 + 54*w**2. Suppose g - 1 + 7 = -4*q, -3*q - 2 = 2*g. Calculate k(q).
0
Let u(g) be the first derivative of -g**4/12 + g**3/3 - 3*g**2 + 20*g - 17. Let i(f) be the first derivative of u(f). Determine i(4).
-14
Let v(b) be the third derivative of -b**8/20160 - b**6/120 - 2*b**5/15 - 22*b**2. Let h(c) be the third derivative of v(c). Calculate h(0).
-6
Let n(v) = v**3 + 9*v**2 - 362*v + 0 + 728*v - 366*v - 8. Give n(-9).
-8
Let l(p) = -10*p + 221. Let d be l(22). Let z(x) = 19*x**3 + 0*x**3 + x - 1 + 0. What is z(d)?
19
Let o(r) be the third derivative of 0*r + 1/15*r**5 + 1/12*r**4 + 3*r**2 - 1/6*r**3 + 0. Suppose -d - 2*d = -3. Calculate o(d).
5
Let b(s) = s**3 - s**2 - 2*s + 4. Let o be (-1)/(-6) - (7 + -5)/12. Determine b(o).
4
Suppose q - 9 = -4*v - 0*v, 24 = 4*q + 4*v. Let c be 4/(-14) - (-848)/28. Let o be (2/q)/(2/c). Let w(r) = -r + 5. Calculate w(o).
-1
Let j(w) = -w**3 + 7*w**2 - 5*w - 5. Let x(l) = -l - 1. Let a(r) = -j(r) - x(r). Let o = 16 - 13. Suppose -5 = o*q - 4*q. Determine a(q).
-14
Let d be (-555)/(-74)*((-2)/(-5) - 0). Let z(g) = -3*g - 6. Give z(d).
-15
Let g(z) = -z + 11. Suppose 9*f - 29 = 25. Determine g(f).
5
Let k(q) = 25*q**2 - 198*q - 16. Let c be k(8). Suppose 2*s + 0*j = -4*j - 6, 41 = 5*s - 4*j. Let r(x) = -2*x - x + s + 4*x. Calculate r(c).
5
Let f = -3848 + 3844. Let t(c) = -c. Let y(p) = -20*p. Let k(s) = -25*t(s) + y(s). What is k(f)?
-20
Suppose -2*i + 16 = 3*c + 37, -2*i - 31 = 5*c. Let f be 9/(-18)*c/(5/(-8)). Let k(g) = g**2 + 8*g + 5. Give k(f).
-11
Let g(y) = y + 4. Let x(n) = -2*n + 12. Let r(b) = -b**3 + 5*b**2 - 5*b - 2. Let l be r(4). Let c be (l - 0/(-4))*-1. Let u be x(c). What is g(u)?
4
Let v = 26 - 21. Let i(y) = -2*y + 1. Give i(v).
-9
Let m(j) = j**3 + 12*j**2 - 2*j - 26. Let n be m(-12). Let q(g) = g**3 + g**3 - 2 + g**2 - 4*g**3 + 0*g**3. What is q(n)?
18
Suppose 0 = -8*i + 2*i - 6*i. Let p(n) be the third derivative of 0*n + 1/12*n**4 + i - 2/3*n**3 + 2*n**2. Give p(5).
6
Let g(h) = h**3 - 4*h**2 - 12 + 6 + 5*h + 7 + 2*h**3 - 2*h**3. Let f = 2 - -2. What is g(f)?
21
Let a be 1/2 - 10/(-4). Suppose l = 4*m - a, 5*m + 0*l = -2*l - 6. Let o(j) be the second derivative of j**5/20 - j**3/6 + 13*j**2/2 + 769*j. What is o(m)?
13
Let x(a) = -a + 4. Let n(c) = -2*c - 54. Let l be n(-22). Determine x(l).
14
Let l = -10 - -14. Let n(b) = 3*b + 1 - 8 - l*b. Let x(o) = o**2 + 7*o + 5. Let v be x(-5). What is n(v)?
-2
Let y = 1172 + -1168. Let h(a) = a**2 + 13*a + 3. Let u(q) = 2*q**2 + 32*q + 8. Let m(j) = 3*j - 6. Let g be m(6). Let i(p) = g*h(p) - 5*u(p). Determine i(y).
12
Let l(g) = -5*g**2 - 1. Suppose -2*b - 1 = 5*c, 4 = -2*c + 10*b - 9*b. Give l(c).
-6
Let h(j) = -j + 1. Let l be h(5). Let k(b) = -b**3 + 247*b - 2*b**2 - 2*b**2 + 24 - 26 - 247*b. Calculate k(l).
-2
Let f(i) = -i - 2. Let v(r) = 4*r + 3. Let b(g) = -7*f(g) - 4*v(g). Calculate b(2).
-16
Let t(b) be the first derivative of b**2/2 + 4*b + 4. Give t(4).
8
Let k(m) = 631*m**3 + 7*m**2 - 3*m**2 - 315*m**3 - 315*m**3 - 3*m**2. Determine k(-3).
-18
Let l(b) = -b**3 + 6*b**2 - 18*b - 22. Let s(d) = d**2 + d + 1. Let j(f) = -l(f) - 6*s(f). Calculate j(11).
27
Let j = -2 + 4. Let f(k) = -k**3 + 3*k**2 - 2*k. Let w be f(j). Suppose m - 2 = -2*y, w*y - m = 5*y + 1. Let l(d) = 6*d**3 + 2*d**2 + 2*d + 1. Calculate l(y).
-5
Suppose -m = -2*m + 5. Let s(p) = -12*p - 249. Let f be s(-21). Let k(g) = -g**3 - f*g**2 - m*g + 7 - 7 - 3. Determine k(-3).
12
Suppose -36*s + 316 = 532. Let c(z) = -3*z**2 + 3 + 0*z**2 + 2*z**2 - 6*z. What is c(s)?
3
Let q(c) = -c + 2. Let w = 48 - 56. Determine q(w).
10
Suppose -2*l = 2*l - 12. Let y be (81/(-36))/(l/(-8)). Let i(o) = o**3 - 7*o**2 + 6*o + 4. Determine i(y).
4
Let a(q) = -14*q + 136. Let p be a(10). Let y(k) = 2*k + 2. Determine y(p).
-6
Suppose -6*w + 5 = -w. Let m(c) = -2*c + 0 + 0 + 0. What is m(w)?
-2
Let x(i) = -2*i + 4. Let p = -1731 - -1726. Determine x(p).
14
Let c be 432/88 + 5/55. Let d(r) = r**2 - 7*r + 3. What is d(c)?
-7
Let b(j) = -6*j - 5. Let p = -914 - -906. What is b(p)?
43
Let z(o) = 3*o**2 + 3*o - 6. Let w be ((-21)/35)/(0 + 15/(-50)). Calculate z(w).
12
Let z(x) = x**3 + 2*x**2 - 2*x**3 - 3*x + 4*x**3 - 3 - x**3. Let b(h) = -5*h - 2. Let r be b(0). What is z(r)?
-5
Suppose 0*g + 7*g = 420. Suppose -4*u = 6*u - g. Let q(j) = 3*j - 7. Calculate q(u).
11
Let g = -12 + 15. Let m(k) = -6 - k**g + k**3 + 3*k + 5*k**2 - k**3. Determine m(5).
9
Let i be (2/(-4))/(12/456). Let n = i + 12. Let r(q) = 6*q**2 + 11*q - 3. Let k(d) = 5*d**2 + 10*d - 2. Let y(l) = -5*k(l) + 4*r(l). Give y(n).
-9
Let k(x) = -3*x + 16. Suppose 1287*g = 1285*g + 20. Determine k(g).
-14
Let f(s) = 18*s**3 - s**2 + 1. Suppose 5*j + 14 = -4*a, 10*j - 9 = 5*a + 12*j. Calculate f(a).
-18
Let i be (0 + 4)*55/44. Let n(j) = -3*j - 5. Let v(s) = -8*s - 15. Let a(p) = -11*n(p) + 4*v(p). What is a(i)?
0
Let g(z) = -z**3 - 5*z**2 - 2*z + 1. Let t(u) = u**3 + 16*u**2 - u - 20. Let x = -83 - -67. Let d be t(x). What is g(d)?
-7
Let i(w) = 7*w - 6. Let v(o) = -o**3 - 5*o**2 - o - 6. Let f be v(-5). Let z(a) = -1. Let y(d) = f*i(d) + 5*z(d). Determine y(-1).
8
Let l(p) = 5*p + 7. Let w(k) = -3*k - 6. Let x(d) = -d + 1. Let t(v) = 2*w(v) + 2*x(v). Let g(m) = -7*l(m) - 5*t(m). Let z = -3 + 2. What is g(z)?
-4
Let a(h) = -3*h - 93. Let l be a(-29). Let g(b) be the first derivative of -b**4/4 - 2*b**3 + 4*b + 2. Calculate g(l).
4
Suppose 624*f - 616*f + 80 = 0. Let b(p) = -3*p**2 - 31*p - 3. Calculate b(f).
7
Let v(n) = -n**2 + 3 - 612*n + 614*n - 2. Calculate v(4).
-7
Let n(j) = -j + 0 + 5 + 7 - 2. Let g be ((-4)/8)/((-2)/28). Give n(g).
3
Let u(x) = -2*x + 1. Let t(p) = 2*p**2 + 3*p - 3. Let s be (15/5)/(12/(-8)). Let o be t(s). Determine u(o).
3
Let a(x) = -385*x + 1155*x - 382*x - 29*x**2 - 387*x. Determine a(-1).
-30
Suppose -22 = -2*n - 0*n - 2*k, -2 = 3*n - 4*k. Let g = 54 - 52. Let s(i) = -5 - 28*i**3 - 7*i - 4*i**2 + 14*i**3 + 15*i**3 - i**g. Give s(n).
-11
Let m(b) = 0*b**2 - 350*b + 11 + 4*b**2 - 4*b**2 + 345*b - b**2. Give m(-6).
5
Let j(w) = -w**3 - 6*w**2 - 5*w + 7. Suppose 0*d + 9 = d + 5*s, -1 = s. Suppose 2*m - 4 = -d. Give j(m).
7
Let j(o) = -1 - 4 - 3670*o + 3 + 3675*o + 5. Determine j(1).
8
Let s(o) = 7*o - 1. Let u(z) = z + 1. Let p(b) = -11*b - 4. Let c(a) = p(a) + 5*u(a). Let d(q) = -3*c(q) - 2*s(q). Calculate d(-3).
-13
Let v = -5 + 8. Let z(g) = -321*g**2 - 323*g**2 - 2 + 647*g**2 - 2*g. Calculate z(v).
19
Let p(n) be the first derivative of n**5/120 - 7*n**4/12 - 13*n**3/3 - 9. Let k(v) be the third derivative of p(v). What is k(6)?
-8
Let t be 12/7 + (-2)/(-7). Let x(c) = -11*c**3 + 7*c**3 